 of 80 and 135.
5
What is the greatest common divisor of 10431 and 513?
171
Calculate the greatest common factor of 3388 and 605.
121
Calculate the greatest common divisor of 80 and 65.
5
Calculate the highest common divisor of 11 and 869.
11
Calculate the greatest common divisor of 142 and 78384.
142
What is the highest common divisor of 78 and 18?
6
Calculate the greatest common divisor of 121 and 1.
1
What is the highest common factor of 4 and 12200?
4
Calculate the greatest common divisor of 214 and 11663.
107
What is the greatest common divisor of 25252 and 236?
236
Calculate the highest common factor of 25 and 5595.
5
Calculate the greatest common divisor of 64 and 1136.
16
Calculate the greatest common divisor of 10132 and 102.
34
Calculate the greatest common factor of 2055 and 15.
15
Calculate the highest common factor of 476 and 2023.
119
What is the highest common divisor of 50 and 325?
25
What is the greatest common factor of 28 and 11?
1
What is the highest common divisor of 147 and 420?
21
Calculate the highest common factor of 17 and 391.
17
What is the greatest common factor of 60 and 1764?
12
What is the highest common divisor of 1 and 774?
1
Calculate the greatest common factor of 209 and 22.
11
What is the greatest common factor of 434 and 266?
14
Calculate the greatest common divisor of 12 and 8.
4
Calculate the highest common factor of 1 and 342.
1
What is the highest common divisor of 9216 and 9?
9
What is the greatest common divisor of 224 and 2352?
112
What is the greatest common divisor of 262 and 4454?
262
What is the greatest common divisor of 24131 and 59?
59
What is the greatest common factor of 12906 and 6?
6
What is the greatest common divisor of 123 and 1?
1
Calculate the greatest common divisor of 20 and 270.
10
What is the highest common factor of 106 and 424?
106
What is the highest common divisor of 192 and 20784?
48
What is the greatest common divisor of 38986 and 202?
202
What is the highest common divisor of 61 and 4331?
61
What is the greatest common factor of 104 and 962?
26
What is the highest common factor of 195 and 39?
39
What is the greatest common factor of 2185 and 46?
23
Calculate the greatest common factor of 2 and 6.
2
What is the highest common divisor of 4 and 1561?
1
Calculate the greatest common divisor of 1159 and 38.
19
Calculate the greatest common divisor of 24 and 1544.
8
What is the highest common divisor of 6885 and 360?
45
What is the highest common factor of 15957 and 162?
81
Calculate the highest common factor of 22 and 5500.
22
What is the greatest common factor of 182 and 442?
26
Calculate the greatest common factor of 2742 and 54.
6
Calculate the greatest common divisor of 126 and 6.
6
Calculate the greatest common divisor of 333 and 703.
37
What is the greatest common divisor of 1504 and 47?
47
Calculate the highest common divisor of 7605 and 10.
5
What is the highest common divisor of 552 and 19044?
276
Calculate the greatest common divisor of 57 and 7809.
57
Calculate the greatest common divisor of 448 and 96.
32
What is the highest common divisor of 504 and 378?
126
What is the greatest common divisor of 75 and 21?
3
Calculate the highest common factor of 10736 and 176.
176
What is the greatest common divisor of 66 and 33165?
33
Calculate the greatest common divisor of 755 and 604.
151
Calculate the greatest common factor of 558 and 54.
18
Calculate the greatest common divisor of 98 and 168.
14
What is the greatest common divisor of 3043 and 2685?
179
What is the highest common factor of 754 and 58?
58
Calculate the greatest common divisor of 6 and 192.
6
Calculate the greatest common divisor of 671 and 44.
11
What is the highest common factor of 16779 and 42?
21
Calculate the greatest common divisor of 2327 and 13.
13
Calculate the highest common factor of 12 and 348.
12
Calculate the highest common factor of 4509 and 167.
167
What is the greatest common factor of 3 and 90?
3
What is the highest common factor of 320 and 50?
10
Calculate the greatest common divisor of 60 and 2364.
12
What is the highest common factor of 144 and 2568?
24
Calculate the greatest common factor of 12 and 972.
12
What is the highest common factor of 495 and 891?
99
Calculate the highest common divisor of 666 and 4.
2
What is the highest common divisor of 15 and 155?
5
What is the greatest common factor of 72 and 324?
36
What is the highest common factor of 232 and 88?
8
Calculate the highest common divisor of 318 and 6.
6
What is the greatest common divisor of 798 and 336?
42
What is the greatest common factor of 150 and 4050?
150
What is the greatest common factor of 250 and 10?
10
Calculate the highest common divisor of 6 and 132.
6
What is the greatest common factor of 49 and 686?
49
What is the highest common factor of 91 and 26?
13
What is the greatest common divisor of 889 and 112?
7
What is the greatest common divisor of 4294 and 904?
226
Calculate the greatest common factor of 70 and 130.
10
What is the greatest common factor of 636 and 2756?
212
What is the greatest common factor of 9 and 42?
3
Calculate the highest common divisor of 455 and 2093.
91
Calculate the highest common divisor of 2632 and 141.
47
What is the highest common divisor of 15928 and 154?
22
Calculate the highest common divisor of 430 and 10.
10
What is the greatest common factor of 34 and 15011?
17
What is the greatest common divisor of 297 and 165?
33
Calculate the greatest common divisor of 725 and 25.
25
What is the greatest common factor of 1106 and 14?
14
Calculate the highest common factor of 207 and 2208.
69
What is the greatest common divisor of 26 and 5798?
26
What is the greatest common factor of 9 and 4869?
9
What is the greatest common divisor of 49077 and 42?
21
Calculate the highest common divisor of 320 and 10.
10
What is the highest common factor of 18737 and 41?
41
Calculate the greatest common factor of 20 and 100.
20
Calculate the highest common divisor of 6 and 24.
6
Calculate the highest common divisor of 20 and 50.
10
Calculate the highest common factor of 124 and 2108.
124
Calculate the greatest common factor of 2148 and 5191.
179
What is the greatest common factor of 144 and 63?
9
Calculate the greatest common divisor of 284 and 4.
4
What is the greatest common divisor of 6 and 36?
6
What is the highest common divisor of 60 and 60?
60
Calculate the greatest common divisor of 243 and 15552.
243
What is the greatest common divisor of 9 and 93?
3
Calculate the highest common factor of 169 and 5863.
13
What is the greatest common factor of 944 and 59?
59
What is the highest common divisor of 135 and 15?
15
Calculate the highest common factor of 12943 and 86.
43
What is the highest common divisor of 539 and 140?
7
Calculate the highest common divisor of 1323 and 49.
49
What is the highest common divisor of 21 and 3696?
21
What is the highest common divisor of 7 and 581?
7
Calculate the highest common divisor of 597 and 9.
3
What is the greatest common divisor of 105 and 1645?
35
What is the greatest common factor of 1302 and 42?
42
What is the highest common divisor of 24 and 2364?
12
What is the greatest common factor of 14 and 301?
7
What is the highest common divisor of 12 and 81?
3
What is the highest common factor of 759 and 99?
33
Calculate the greatest common factor of 106 and 848.
106
Calculate the highest common divisor of 146 and 6278.
146
Calculate the greatest common divisor of 117 and 624.
39
What is the highest common factor of 10 and 12670?
10
Calculate the highest common factor of 29 and 4176.
29
What is the greatest common factor of 49 and 70?
7
Calculate the highest common divisor of 12 and 15.
3
What is the greatest common divisor of 3 and 3099?
3
Calculate the highest common factor of 65 and 5.
5
Calculate the highest common divisor of 913 and 166.
83
What is the greatest common factor of 126 and 693?
63
What is the greatest common divisor of 5 and 4555?
5
Calculate the highest common factor of 637 and 13.
13
Calculate the greatest common factor of 33 and 440.
11
What is the highest common divisor of 7 and 1183?
7
What is the greatest common divisor of 22 and 1342?
22
What is the highest common divisor of 1 and 407?
1
What is the greatest common factor of 52 and 975?
13
Wh